5 prime?
False
Is 34578868789 composite?
True
Is 38783741459 prime?
True
Is 14994730313 composite?
False
Is 4462228193 prime?
False
Is 5303978209 composite?
True
Is 951356113 prime?
True
Is 22318064687 composite?
False
Is 99279559 prime?
True
Is 13135140911 a prime number?
True
Is 8028066989 prime?
True
Is 1582747349 a composite number?
True
Is 845676323 prime?
False
Is 432172709 composite?
True
Is 6406651 a prime number?
False
Is 24164792653 a prime number?
False
Is 2039608357 a prime number?
True
Is 695497279 composite?
True
Is 260103638057 prime?
True
Is 3055149219 a composite number?
True
Is 2243315299 prime?
True
Is 1295745481 a prime number?
False
Is 38164587341 a composite number?
True
Is 27066577 a prime number?
True
Is 4146643313 a composite number?
False
Is 129147703 composite?
False
Is 1043239643 composite?
False
Is 1253696351 a composite number?
True
Is 15192172801 a prime number?
False
Is 203844541 a prime number?
False
Is 668211097 a prime number?
True
Is 1917712171 composite?
False
Is 13487666033 a composite number?
False
Is 9390540433 a composite number?
False
Is 141650519 prime?
False
Is 2862900303 a prime number?
False
Is 665994041 a composite number?
True
Is 9766399367 a composite number?
False
Is 5240608877 composite?
True
Is 883987439 composite?
True
Is 42810650321 prime?
False
Is 7548898183 a composite number?
False
Is 147601819 a composite number?
True
Is 155390273 a prime number?
True
Is 126204971313 a composite number?
True
Is 244508779 composite?
True
Is 146985373 prime?
False
Is 3439416109 a composite number?
True
Is 82707114673 composite?
True
Is 162136997545 a composite number?
True
Is 340874647 a prime number?
True
Is 35762200421 composite?
False
Is 20631263 a composite number?
False
Is 30722562887 prime?
False
Is 3459530278 a composite number?
True
Is 3509535494 composite?
True
Is 73099418417 a prime number?
True
Is 101950483 a composite number?
True
Is 35586085079 prime?
False
Is 3564294971 a prime number?
True
Is 674298773 composite?
True
Is 2330372651 prime?
True
Is 284440511 prime?
False
Is 4995238331 prime?
False
Is 7572445717 composite?
False
Is 6840782929 prime?
True
Is 90593081 composite?
True
Is 4111207481 composite?
False
Is 332800967 a composite number?
True
Is 6584869 a prime number?
False
Is 7491812213 a prime number?
False
Is 34515878489 composite?
False
Is 212340857 prime?
False
Is 6361849049 a prime number?
True
Is 16405675297 a prime number?
False
Is 2633756963 a composite number?
False
Is 75436329013 a composite number?
True
Is 313959367 a prime number?
False
Is 3044865147 prime?
False
Is 1328936519 a prime number?
False
Is 12119604985 composite?
True
Is 4365424361 composite?
False
Is 51169636529 composite?
True
Is 106555418 composite?
True
Is 38727188053 a prime number?
True
Is 1165139 a composite number?
False
Is 43935845003 prime?
True
Is 54616012141 a composite number?
True
Is 542369083 prime?
False
Is 6970837747 a prime number?
True
Is 11006452367 a composite number?
False
Is 579093673 composite?
True
Is 62959170899 composite?
False
Is 820088063 composite?
False
Is 172154345345 composite?
True
Is 12490987489 composite?
False
Is 18005642099 composite?
False
Is 302416974317 prime?
True
Is 814155869 prime?
True
Is 40694499551 prime?
True
Is 161952340489 composite?
True
Is 49099564037 prime?
False
Is 234935050289 a prime number?
True
Is 8691177773 composite?
False
Is 16047649 prime?
False
Is 1043740799 prime?
True
Is 8987618999 composite?
False
Is 98888464193 composite?
False
Is 293991652667 prime?
True
Is 177573379421 a composite number?
False
Is 21424679 a composite number?
False
Is 46606487773 composite?
False
Is 3184091539 prime?
True
Is 37123589 a composite number?
False
Is 336241876999 prime?
False
Is 476243177 a composite number?
False
Is 1589172469 a prime number?
True
Is 8422205371 a prime number?
True
Is 515076389 a prime number?
False
Is 30209483177 a prime number?
True
Is 4088202343 a prime number?
True
Is 132978917801 a prime number?
True
Is 68126977 a composite number?
False
Is 9985535933 a composite number?
False
Is 54367305851 a prime number?
True
Is 695447021 a composite number?
True
Is 34229318731 a composite number?
True
Is 11107566469 composite?
False
Is 1444056883 a prime number?
True
Is 673087117 a prime number?
True
Is 130961342515 prime?
False
Is 24232035109 a composite number?
True
Is 240541391 prime?
False
Is 2112936355 prime?
False
Is 8117136211 prime?
False
Is 13723866659 prime?
True
Is 7148635387 a composite number?
False
Is 3415179037 a composite number?
True
Is 73136799691 a prime number?
True
Is 9090206639 composite?
True
Is 1674823209 a prime number?
False
Is 1999289821 composite?
True
Is 1197902347 prime?
False
Is 735448187 composite?
False
Is 208421273 a composite number?
True
Is 3299592833 composite?
False
Is 17655038069 a prime number?
False
Is 566167138 a prime number?
False
Is 1033962161 a prime number?
True
Is 109439587 composite?
False
Is 28121688041 prime?
True
Is 5987653019 prime?
False
Is 739371331 prime?
False
Is 572615633 a composite number?
False
Is 462893297 prime?
False
Is 23608129199 prime?
True
Is 36679182509 composite?
True
Is 6927406003 a composite number?
True
Is 41234067821 a composite number?
True
Is 57145636883 prime?
False
Is 1537415567 a composite number?
True
Is 1948862131 a prime number?
False
Is 3812981621 prime?
True
Is 17815732979 a prime number?
False
Is 78756260809 a composite number?
False
Is 4240505793 composite?
True
Is 16206890437 a prime number?
True
Is 4639526719 a composite number?
True
Is 27090970139 composite?
False
Is 1043375117 a prime number?
True
Is 638038417 composite?
True
Is 492540199 a prime number?
False
Is 234622799 a composite number?
False
Is 468039157 a composite number?
False
Is 232839931 composite?
True
Is 370495651 prime?
True
Is 124608279 a prime number?
False
Is 4443039119 composite?
True
Is 6409365169 composite?
True
Is 2037486629 a composite number?
False
Is 29337733723 prime?
True
Is 5619048343 a composite number?
True
Is 198822523 a prime number?
False
Is 13665138719 composite?
False
Is 124084104981 a prime number?
False
Is 1799418733 a prime number?
False
Is 6098105599 composite?
True
Is 35733691607 a prime number?
True
Is 25954891493 composite?
False
Is 48585557 prime?
False
Is 17946206099 composite?
False
Is 4250242643 prime?
False
Is 2104772429 a prime number?
False
Is 30194701873 a prime number?
False
Is 435154818145 a prime number?
False
Is 9921421909 prime?
False
Is 1937682413 composite?
True
Is 5639120551 a prime number?
True
Is 2075188853 a composite number?
False
Is 3275113757 composite?
False
Is 18082961389 a prime number?
False
Is 9096795599 composite?
True
Is 1109655191 a prime number?
False
Is 11352285031 a composite number?
True
Is 2248950107 a prime number?
True
Is 221112142 prime?
False
Is 242482393 a prime number?
True
Is 20604885017 prime?
True
Is 4766462963 composite?
True
Is 25074209153 a composite number?
True
Is 113516380573 a composite number?
False
Is 8622858637 a composite number?
True
Is 18693812951 composite?
True
Is 10528613 prime?
True
Is 2336922617 composite?
True
Is 4923982487 a prime number?
False
Is 1758378917 a prime number?
True
Is 32776580437 prime?
False
Is 4393518133 composite?
True
Is 16101512393 a prime number?
True
Is 7502450747 composite?
True
Is 2790896762 a prime number?
False
Is 3992873347 composite?
True
Is 20373873097 composite?
True
Is 4749275329 a composite number?
True
Is 2115645061 a prime number?
False
Is 2919816047 a composite number?
False
Is 44238379 a prime number?
True
Is 2225044741 composite?
True
Is 1563305551 a prime number?
False
Is 2446175161 prime?
True
Is 746002951 a prime number?
False
Is 75301879451 composite?
False
Is 115581701 composite?
True
Is 3880600561 a prime number?
True
Is 8452246043 a composite number?
False
Is 6749339539 a composite number?
False
Is 1259143491 a prime number?
False
Is 3936759799 a prime number?
False
Is 1204408243 composite?
True
Is 1363935563 prime?
True
Is 58549646993 composite?
False
Is 8075202229 a composite number?
False
Is 1360389463 a prime number?
True
Is 14473123823 composite?
True
Is 735133979 composite?
True
Is 107412343 a composite number?
True
Is 443123287 composite?
False
Is 3204551449 p